dred millions digit of 104308487?
1
What is the millions digit of 459014652?
9
What is the hundreds digit of 288435183?
1
What is the tens digit of 459008572?
7
What is the hundred thousands digit of 478639382?
6
What is the ten thousands digit of 17987158?
8
What is the thousands digit of 391705205?
5
What is the hundred thousands digit of 83603900?
6
What is the units digit of 774386811?
1
What is the hundred thousands digit of 223445583?
4
What is the thousands digit of 456834145?
4
What is the units digit of 777605630?
0
What is the millions digit of 490657505?
0
What is the ten thousands digit of 34452080?
5
What is the hundred thousands digit of 72292097?
2
What is the ten millions digit of 16349424?
1
What is the hundred thousands digit of 231954635?
9
What is the hundreds digit of 20777962?
9
What is the hundred millions digit of 461934909?
4
What is the hundred thousands digit of 120513899?
5
What is the hundred thousands digit of 891526063?
5
What is the ten thousands digit of 558723143?
2
What is the ten millions digit of 461544144?
6
What is the units digit of 2006830753?
3
What is the units digit of 141370343?
3
What is the millions digit of 540279839?
0
What is the hundred millions digit of 839223788?
8
What is the ten thousands digit of 3590928610?
2
What is the hundred thousands digit of 954154258?
1
What is the tens digit of 1010569416?
1
What is the hundred thousands digit of 2673885419?
8
What is the thousands digit of 15522036?
2
What is the units digit of 156255619?
9
What is the thousands digit of 775446991?
6
What is the millions digit of 53474296?
3
What is the ten thousands digit of 33624873?
2
What is the tens digit of 998970291?
9
What is the millions digit of 123262073?
3
What is the tens digit of 3731117979?
7
What is the hundreds digit of 349197512?
5
What is the hundred thousands digit of 52402132?
4
What is the units digit of 486210608?
8
What is the ten millions digit of 248954302?
4
What is the ten millions digit of 49362217?
4
What is the units digit of 76814901?
1
What is the thousands digit of 24968398?
8
What is the millions digit of 332464448?
2
What is the units digit of 624288282?
2
What is the hundred millions digit of 2182231613?
1
What is the ten thousands digit of 26668430?
6
What is the thousands digit of 40040041?
0
What is the hundred thousands digit of 13058382?
0
What is the hundreds digit of 7698766?
7
What is the millions digit of 837570383?
7
What is the ten millions digit of 1870123824?
7
What is the tens digit of 41110595?
9
What is the thousands digit of 40480581?
0
What is the millions digit of 2016055816?
6
What is the ten thousands digit of 542492786?
9
What is the millions digit of 1838338324?
8
What is the units digit of 2804959826?
6
What is the ten thousands digit of 420267849?
6
What is the units digit of 154962104?
4
What is the thousands digit of 167639274?
9
What is the hundred thousands digit of 4287726935?
7
What is the hundred thousands digit of 103921835?
9
What is the tens digit of 156390472?
7
What is the hundred millions digit of 320682043?
3
What is the ten thousands digit of 571328697?
2
What is the thousands digit of 205241283?
1
What is the ten millions digit of 4752102608?
5
What is the tens digit of 43203027?
2
What is the hundred millions digit of 1540400048?
5
What is the ten millions digit of 12835525?
1
What is the hundred thousands digit of 41207004?
2
What is the hundred thousands digit of 7558482?
5
What is the hundred millions digit of 4677436077?
6
What is the thousands digit of 226171598?
1
What is the hundred millions digit of 907670630?
9
What is the ten thousands digit of 334371687?
7
What is the ten thousands digit of 1967578729?
7
What is the ten millions digit of 157593187?
5
What is the hundred thousands digit of 20446727?
4
What is the thousands digit of 921385918?
5
What is the tens digit of 1918660657?
5
What is the units digit of 23044379?
9
What is the hundred thousands digit of 1391650212?
6
What is the hundred thousands digit of 1207560602?
5
What is the hundreds digit of 2520799982?
9
What is the hundreds digit of 495691786?
7
What is the hundreds digit of 57854384?
3
What is the hundreds digit of 700859207?
2
What is the tens digit of 186178781?
8
What is the ten millions digit of 910786853?
1
What is the ten thousands digit of 2311404036?
0
What is the tens digit of 25847674?
7
What is the ten millions digit of 1016597248?
1
What is the ten millions digit of 185238427?
8
What is the hundred thousands digit of 149918833?
9
What is the units digit of 84559736?
6
What is the tens digit of 5536730799?
9
What is the thousands digit of 106882249?
2
What is the tens digit of 94476275?
7
What is the tens digit of 26061056?
5
What is the ten millions digit of 1606929445?
0
What is the hundreds digit of 27141745?
7
What is the hundreds digit of 47097960?
9
What is the hundred millions digit of 467071967?
4
What is the ten thousands digit of 1986257379?
5
What is the hundred thousands digit of 1903690233?
6
What is the billions digit of 2186990345?
2
What is the ten millions digit of 1937440446?
3
What is the ten millions digit of 140363641?
4
What is the thousands digit of 413987946?
7
What is the thousands digit of 94796258?
6
What is the hundred thousands digit of 75522736?
5
What is the millions digit of 287091937?
7
What is the tens digit of 1966067694?
9
What is the millions digit of 4313739058?
3
What is the hundreds digit of 235438430?
4
What is the tens digit of 447122370?
7
What is the hundred millions digit of 1412393267?
4
What is the hundred thousands digit of 95210027?
2
What is the units digit of 109808816?
6
What is the tens digit of 611285388?
8
What is the millions digit of 3820161?
3
What is the millions digit of 334508345?
4
What is the ten millions digit of 2997851249?
9
What is the millions digit of 34834609?
4
What is the hundred thousands digit of 5474453012?
4
What is the ten millions digit of 56101737?
5
What is the hundred thousands digit of 1101961828?
9
What is the hundred millions digit of 6689677716?
6
What is the millions digit of 39646784?
9
What is the hundreds digit of 372285916?
9
What is the ten thousands digit of 88311306?
1
What is the hundred millions digit of 747794879?
7
What is the thousands digit of 65715797?
5
What is the billions digit of 8485080463?
8
What is the tens digit of 798249273?
7
What is the ten thousands digit of 46537866?
3
What is the tens digit of 468938858?
5
What is the hundred thousands digit of 2005689769?
6
What is the hundred thousands digit of 4911875?
9
What is the units digit of 1201916129?
9
What is the hundred millions digit of 193808269?
1
What is the units digit of 26892650?
0
What is the ten thousands digit of 39610474?
1
What is the thousands digit of 193148097?
8
What is the hundred thousands digit of 2165996087?
9
What is the hundred thousands digit of 12002578?
0
What is the hundred thousands digit of 101210819?
2
What is the ten thousands digit of 1160474048?
7
What is the thousands digit of 3970399145?
9
What is the hundred thousands digit of 3496493141?
4
What is the millions digit of 208267798?
8
What is the units digit of 5458709586?
6
What is the hundred thousands digit of 184620066?
6
What is the units digit of 146240624?
4
What is the thousands digit of 436067690?
7
What is the tens digit of 39037980?
8
What is the ten thousands digit of 469201414?
0
What is the ten thousands digit of 27660686?
6
What is the millions digit of 80403134?
0
What is the hundred millions digit of 138539770?
1
What is the units digit of 1072313079?
9
What is the tens digit of 200724080?
8
What is the units digit of 1832738642?
2
What is the millions digit of 3431566520?
1
What is the hundred millions digit of 1341244744?
3
What is the millions digit of 770446754?
0
What is the hundred thousands digit of 917947823?
9
What is the hundred millions digit of 894571840?
8
What is the tens digit of 42190031?
3
What is the hundred thousands digit of 990644268?
6
What is the millions digit of 15003955?
5
What is the thousands digit of 309999990?
9
What is the units digit of 87306773?
3
What is the thousands digit of 55855739?
5
What is the ten thousands digit of 28894837?
9
What is the tens